{"id":2454,"date":"2021-05-27T18:15:20","date_gmt":"2021-05-27T16:15:20","guid":{"rendered":"https:\/\/tunisiaforall.org\/?page_id=2454"},"modified":"2021-05-27T18:22:24","modified_gmt":"2021-05-27T16:22:24","slug":"webinaire-italiennes-de-tunisie-histoires-de-vie-et-de-militantisme","status":"publish","type":"page","link":"https:\/\/tunisiaforall.org\/?page_id=2454","title":{"rendered":"Webinaire: Italiennes de Tunisie &#8211; histoires de vie et de militantisme"},"content":{"rendered":"\t\t<div data-elementor-type=\"wp-page\" data-elementor-id=\"2454\" class=\"elementor elementor-2454\">\n\t\t\t\t\t\t<section class=\"elementor-section elementor-top-section elementor-element elementor-element-7e7bc1d elementor-section-boxed elementor-section-height-default elementor-section-height-default\" data-id=\"7e7bc1d\" data-element_type=\"section\" data-e-type=\"section\">\n\t\t\t\t\t\t<div class=\"elementor-container elementor-column-gap-default\">\n\t\t\t\t\t<div class=\"elementor-column elementor-col-100 elementor-top-column elementor-element elementor-element-a99edc3\" data-id=\"a99edc3\" data-element_type=\"column\" data-e-type=\"column\">\n\t\t\t<div class=\"elementor-widget-wrap elementor-element-populated\">\n\t\t\t\t\t\t<div class=\"elementor-element elementor-element-22265fe elementor-widget elementor-widget-image\" data-id=\"22265fe\" data-element_type=\"widget\" data-e-type=\"widget\" data-widget_type=\"image.default\">\n\t\t\t\t<div class=\"elementor-widget-container\">\n\t\t\t\t\t\t\t\t\t\t\t\t\t\t\t<img fetchpriority=\"high\" decoding=\"async\" width=\"1024\" height=\"576\" src=\"https:\/\/tunisiaforall.org\/wp-content\/uploads\/2021\/05\/Affiche-Webinaire-Italiennes-de-Tunisie-1024x576.png\" class=\"attachment-large size-large wp-image-2459\" alt=\"\" srcset=\"https:\/\/tunisiaforall.org\/wp-content\/uploads\/2021\/05\/Affiche-Webinaire-Italiennes-de-Tunisie-1024x576.png 1024w, https:\/\/tunisiaforall.org\/wp-content\/uploads\/2021\/05\/Affiche-Webinaire-Italiennes-de-Tunisie-300x169.png 300w, https:\/\/tunisiaforall.org\/wp-content\/uploads\/2021\/05\/Affiche-Webinaire-Italiennes-de-Tunisie-768x432.png 768w, https:\/\/tunisiaforall.org\/wp-content\/uploads\/2021\/05\/Affiche-Webinaire-Italiennes-de-Tunisie-1536x864.png 1536w, https:\/\/tunisiaforall.org\/wp-content\/uploads\/2021\/05\/Affiche-Webinaire-Italiennes-de-Tunisie-1110x624.png 1110w, https:\/\/tunisiaforall.org\/wp-content\/uploads\/2021\/05\/Affiche-Webinaire-Italiennes-de-Tunisie-528x297.png 528w, https:\/\/tunisiaforall.org\/wp-content\/uploads\/2021\/05\/Affiche-Webinaire-Italiennes-de-Tunisie.png 1920w\" sizes=\"(max-width: 1024px) 100vw, 1024px\" \/>\t\t\t\t\t\t\t\t\t\t\t\t\t\t\t<\/div>\n\t\t\t\t<\/div>\n\t\t\t\t\t<\/div>\n\t\t<\/div>\n\t\t\t\t\t<\/div>\n\t\t<\/section>\n\t\t\t\t<section class=\"elementor-section elementor-top-section elementor-element elementor-element-a8237be elementor-section-boxed elementor-section-height-default elementor-section-height-default\" data-id=\"a8237be\" data-element_type=\"section\" data-e-type=\"section\">\n\t\t\t\t\t\t<div class=\"elementor-container elementor-column-gap-default\">\n\t\t\t\t\t<div class=\"elementor-column elementor-col-100 elementor-top-column elementor-element elementor-element-8864c7e\" data-id=\"8864c7e\" data-element_type=\"column\" data-e-type=\"column\">\n\t\t\t<div class=\"elementor-widget-wrap elementor-element-populated\">\n\t\t\t\t\t\t<div class=\"elementor-element elementor-element-12c3726 elementor-widget elementor-widget-heading\" data-id=\"12c3726\" data-element_type=\"widget\" data-e-type=\"widget\" data-widget_type=\"heading.default\">\n\t\t\t\t<div class=\"elementor-widget-container\">\n\t\t\t\t\t<h2 class=\"elementor-heading-title elementor-size-default\">Mot de l'Intervenante<\/h2>\t\t\t\t<\/div>\n\t\t\t\t<\/div>\n\t\t\t\t\t<\/div>\n\t\t<\/div>\n\t\t\t\t\t<\/div>\n\t\t<\/section>\n\t\t\t\t<section class=\"elementor-section elementor-top-section elementor-element elementor-element-7b27edc elementor-section-boxed elementor-section-height-default elementor-section-height-default\" data-id=\"7b27edc\" data-element_type=\"section\" data-e-type=\"section\">\n\t\t\t\t\t\t<div class=\"elementor-container elementor-column-gap-default\">\n\t\t\t\t\t<div class=\"elementor-column elementor-col-100 elementor-top-column elementor-element elementor-element-ffa90f2\" data-id=\"ffa90f2\" data-element_type=\"column\" data-e-type=\"column\">\n\t\t\t<div class=\"elementor-widget-wrap elementor-element-populated\">\n\t\t\t\t\t\t<div class=\"elementor-element elementor-element-63b355c elementor-widget elementor-widget-text-editor\" data-id=\"63b355c\" data-element_type=\"widget\" data-e-type=\"widget\" data-widget_type=\"text-editor.default\">\n\t\t\t\t<div class=\"elementor-widget-container\">\n\t\t\t\t\t\t\t\t\t<p>L&rsquo;\u00e9l\u00e9ment f\u00e9minin italien rev\u00eat une grande importance dans l&rsquo;histoire de la Tunisie, en raison de sa lutte anticoloniale et antifasciste. Cet activisme a vu le jour dans les ann\u00e9es Trente du XXe si\u00e8cle, et s\u2019est maintenu jusqu\u2019\u00e0 la fin des ann\u00e9es Quarante. Rares sont les ouvrages de r\u00e9f\u00e9rence sur ce sujet: en raison de la raret\u00e9 des ressources bibliographiques, l\u2019int\u00e9r\u00eat que nous consacrons aux \u00e9tudes sur le genre nous a amen\u00e9 \u00e0 r\u00e9aliser un premier travail de recherche pour suivre la trace des militantes. Concr\u00e8tement, le travail de collecte des donn\u00e9es a consist\u00e9 surtout en la r\u00e9alisation d\u2019une s\u00e9rie d\u2019interviews qui nous ont permis de nous relier \u00e0 l\u2019histoire \u00e0 travers de vivaces comptes-rendus plus ou moins formels. Parmi nos informateurs des deux sexes, nous avons accord\u00e9 la pr\u00e9\u00e9minence \u00e0 ces femmes qui ont v\u00e9cu leur exp\u00e9rience sur le terrain, et qui ont pris part \u00e0 la lutte soit au sein d\u2019un groupe, soit en \u00e9troite relation avec le groupe. Ce sont des femmes qui ont nom B\u00e9atrice Slama, Eliane Hassid, Fatma Djellouli qui relatent sur un ton int\u00e9ressant le cours des \u00e9v\u00e9nements en les renfor\u00e7ant de leur propre v\u00e9cu. Nous nous sommes \u00e9galement confront\u00e9s avec leurs descendants: c\u2019est la g\u00e9n\u00e9ration qui<br \/>a v\u00e9cu ces faits historiques, qui a assist\u00e9 aux \u00e9v\u00e9nements qui ont suivi la vague des d\u00e9parts pour l\u2019Italie, en vue de la poursuite de la lutte et de la reconstruction du pays. Au cours de nos recherches dans l\u2019Archivio Centrale dello Stato (ACS), la consultation des fiches de police, des proc\u00e8s-verbaux d\u2019interrogatoires, des rapports de d\u00e9lation des infiltr\u00e9s et des informateurs, et une premi\u00e8re vue d\u2019ensemble nous ont r\u00e9v\u00e9l\u00e9 une importante implication des femmes dans la lutte contre le fascisme, souvent derri\u00e8re les \u00e9tendards de l\u2019id\u00e9ologie anarchique ou communiste.<\/p><p><strong><em>Rym Lajmi<\/em><\/strong><\/p><p><strong><em>PhD en Histoire, anthropologie et religions, La Sapienza Universit\u00e0 degli Studi di Roma<\/em><\/strong><\/p><p><strong><em>Ma\u00eetre assistante en Lettres et Civilisation italiennes<\/em><\/strong><\/p><p><strong><em>Institut Sup\u00e9rieur des Langues de Gab\u00e8s ISLG<\/em><\/strong><\/p>\t\t\t\t\t\t\t\t<\/div>\n\t\t\t\t<\/div>\n\t\t\t\t\t<\/div>\n\t\t<\/div>\n\t\t\t\t\t<\/div>\n\t\t<\/section>\n\t\t\t\t<section class=\"elementor-section elementor-top-section elementor-element elementor-element-c41512b elementor-section-boxed elementor-section-height-default elementor-section-height-default\" data-id=\"c41512b\" data-element_type=\"section\" data-e-type=\"section\">\n\t\t\t\t\t\t<div class=\"elementor-container elementor-column-gap-default\">\n\t\t\t\t\t<div class=\"elementor-column elementor-col-100 elementor-top-column elementor-element elementor-element-c0ee62c\" data-id=\"c0ee62c\" data-element_type=\"column\" data-e-type=\"column\">\n\t\t\t<div class=\"elementor-widget-wrap elementor-element-populated\">\n\t\t\t\t\t\t<div class=\"elementor-element elementor-element-5ae942b elementor-widget elementor-widget-video\" data-id=\"5ae942b\" data-element_type=\"widget\" data-e-type=\"widget\" data-settings=\"{&quot;youtube_url&quot;:&quot;https:\\\/\\\/www.youtube.com\\\/watch?v=kvObF_VWZxY&quot;,&quot;video_type&quot;:&quot;youtube&quot;,&quot;controls&quot;:&quot;yes&quot;}\" data-widget_type=\"video.default\">\n\t\t\t\t<div class=\"elementor-widget-container\">\n\t\t\t\t\t\t\t<div class=\"elementor-wrapper elementor-open-inline\">\n\t\t\t<div class=\"elementor-video\"><\/div>\t\t<\/div>\n\t\t\t\t\t\t<\/div>\n\t\t\t\t<\/div>\n\t\t\t\t\t<\/div>\n\t\t<\/div>\n\t\t\t\t\t<\/div>\n\t\t<\/section>\n\t\t\t\t<\/div>\n\t\t","protected":false},"excerpt":{"rendered":"<p>Mot de l&rsquo;Intervenante L&rsquo;\u00e9l\u00e9ment f\u00e9minin italien rev\u00eat une grande importance dans l&rsquo;histoire de la Tunisie, en raison de sa lutte anticoloniale et antifasciste. Cet activisme a vu le jour dans les ann\u00e9es Trente du XXe si\u00e8cle, et s\u2019est maintenu jusqu\u2019\u00e0 la fin des ann\u00e9es Quarante. Rares sont les ouvrages de r\u00e9f\u00e9rence sur ce sujet: en [&hellip;]<\/p>\n","protected":false},"author":1,"featured_media":0,"parent":0,"menu_order":0,"comment_status":"closed","ping_status":"closed","template":"","meta":{"ngg_post_thumbnail":0,"footnotes":""},"class_list":["post-2454","page","type-page","status-publish","czr-hentry"],"_links":{"self":[{"href":"https:\/\/tunisiaforall.org\/index.php?rest_route=\/wp\/v2\/pages\/2454","targetHints":{"allow":["GET"]}}],"collection":[{"href":"https:\/\/tunisiaforall.org\/index.php?rest_route=\/wp\/v2\/pages"}],"about":[{"href":"https:\/\/tunisiaforall.org\/index.php?rest_route=\/wp\/v2\/types\/page"}],"author":[{"embeddable":true,"href":"https:\/\/tunisiaforall.org\/index.php?rest_route=\/wp\/v2\/users\/1"}],"replies":[{"embeddable":true,"href":"https:\/\/tunisiaforall.org\/index.php?rest_route=%2Fwp%2Fv2%2Fcomments&post=2454"}],"version-history":[{"count":9,"href":"https:\/\/tunisiaforall.org\/index.php?rest_route=\/wp\/v2\/pages\/2454\/revisions"}],"predecessor-version":[{"id":2465,"href":"https:\/\/tunisiaforall.org\/index.php?rest_route=\/wp\/v2\/pages\/2454\/revisions\/2465"}],"wp:attachment":[{"href":"https:\/\/tunisiaforall.org\/index.php?rest_route=%2Fwp%2Fv2%2Fmedia&parent=2454"}],"curies":[{"name":"wp","href":"https:\/\/api.w.org\/{rel}","templated":true}]}}

<div data-elementor-type="wp-page" data-elementor-id="2454" class="elementor elementor-2454">
						<section class="elementor-section elementor-top-section elementor-element elementor-element-7e7bc1d elementor-section-boxed elementor-section-height-default elementor-section-height-default" data-id="7e7bc1d" data-element_type="section" data-e-type="section">
						<div class="elementor-container elementor-column-gap-default">
					<div class="elementor-column elementor-col-100 elementor-top-column elementor-element elementor-element-a99edc3" data-id="a99edc3" data-element_type="column" data-e-type="column">
			<div class="elementor-widget-wrap elementor-element-populated">
						<div class="elementor-element elementor-element-22265fe elementor-widget elementor-widget-image" data-id="22265fe" data-element_type="widget" data-e-type="widget" data-widget_type="image.default">
				<div class="elementor-widget-container">
															<img fetchpriority="high" decoding="async" width="1024" height="576" src="https://tunisiaforall.org/wp-content/uploads/2021/05/Affiche-Webinaire-Italiennes-de-Tunisie-1024x576.png" class="attachment-large size-large wp-image-2459" alt="" srcset="https://tunisiaforall.org/wp-content/uploads/2021/05/Affiche-Webinaire-Italiennes-de-Tunisie-1024x576.png 1024w, https://tunisiaforall.org/wp-content/uploads/2021/05/Affiche-Webinaire-Italiennes-de-Tunisie-300x169.png 300w, https://tunisiaforall.org/wp-content/uploads/2021/05/Affiche-Webinaire-Italiennes-de-Tunisie-768x432.png 768w, https://tunisiaforall.org/wp-content/uploads/2021/05/Affiche-Webinaire-Italiennes-de-Tunisie-1536x864.png 1536w, https://tunisiaforall.org/wp-content/uploads/2021/05/Affiche-Webinaire-Italiennes-de-Tunisie-1110x624.png 1110w, https://tunisiaforall.org/wp-content/uploads/2021/05/Affiche-Webinaire-Italiennes-de-Tunisie-528x297.png 528w, https://tunisiaforall.org/wp-content/uploads/2021/05/Affiche-Webinaire-Italiennes-de-Tunisie.png 1920w" sizes="(max-width: 1024px) 100vw, 1024px" />															</div>
				</div>
					</div>
		</div>
					</div>
		</section>
				<section class="elementor-section elementor-top-section elementor-element elementor-element-a8237be elementor-section-boxed elementor-section-height-default elementor-section-height-default" data-id="a8237be" data-element_type="section" data-e-type="section">
						<div class="elementor-container elementor-column-gap-default">
					<div class="elementor-column elementor-col-100 elementor-top-column elementor-element elementor-element-8864c7e" data-id="8864c7e" data-element_type="column" data-e-type="column">
			<div class="elementor-widget-wrap elementor-element-populated">
						<div class="elementor-element elementor-element-12c3726 elementor-widget elementor-widget-heading" data-id="12c3726" data-element_type="widget" data-e-type="widget" data-widget_type="heading.default">
				<div class="elementor-widget-container">
					<h2 class="elementor-heading-title elementor-size-default">Mot de l'Intervenante</h2>				</div>
				</div>
					</div>
		</div>
					</div>
		</section>
				<section class="elementor-section elementor-top-section elementor-element elementor-element-7b27edc elementor-section-boxed elementor-section-height-default elementor-section-height-default" data-id="7b27edc" data-element_type="section" data-e-type="section">
						<div class="elementor-container elementor-column-gap-default">
					<div class="elementor-column elementor-col-100 elementor-top-column elementor-element elementor-element-ffa90f2" data-id="ffa90f2" data-element_type="column" data-e-type="column">
			<div class="elementor-widget-wrap elementor-element-populated">
						<div class="elementor-element elementor-element-63b355c elementor-widget elementor-widget-text-editor" data-id="63b355c" data-element_type="widget" data-e-type="widget" data-widget_type="text-editor.default">
				<div class="elementor-widget-container">
									<p>L&rsquo;élément féminin italien revêt une grande importance dans l&rsquo;histoire de la Tunisie, en raison de sa lutte anticoloniale et antifasciste. Cet activisme a vu le jour dans les années Trente du XXe siècle, et s’est maintenu jusqu’à la fin des années Quarante. Rares sont les ouvrages de référence sur ce sujet: en raison de la rareté des ressources bibliographiques, l’intérêt que nous consacrons aux études sur le genre nous a amené à réaliser un premier travail de recherche pour suivre la trace des militantes. Concrètement, le travail de collecte des données a consisté surtout en la réalisation d’une série d’interviews qui nous ont permis de nous relier à l’histoire à travers de vivaces comptes-rendus plus ou moins formels. Parmi nos informateurs des deux sexes, nous avons accordé la prééminence à ces femmes qui ont vécu leur expérience sur le terrain, et qui ont pris part à la lutte soit au sein d’un groupe, soit en étroite relation avec le groupe. Ce sont des femmes qui ont nom Béatrice Slama, Eliane Hassid, Fatma Djellouli qui relatent sur un ton intéressant le cours des événements en les renforçant de leur propre vécu. Nous nous sommes également confrontés avec leurs descendants: c’est la génération qui<br />a vécu ces faits historiques, qui a assisté aux événements qui ont suivi la vague des départs pour l’Italie, en vue de la poursuite de la lutte et de la reconstruction du pays. Au cours de nos recherches dans l’Archivio Centrale dello Stato (ACS), la consultation des fiches de police, des procès-verbaux d’interrogatoires, des rapports de délation des infiltrés et des informateurs, et une première vue d’ensemble nous ont révélé une importante implication des femmes dans la lutte contre le fascisme, souvent derrière les étendards de l’idéologie anarchique ou communiste.</p><p><strong><em>Rym Lajmi</em></strong></p><p><strong><em>PhD en Histoire, anthropologie et religions, La Sapienza Università degli Studi di Roma</em></strong></p><p><strong><em>Maître assistante en Lettres et Civilisation italiennes</em></strong></p><p><strong><em>Institut Supérieur des Langues de Gabès ISLG</em></strong></p>								</div>
				</div>
					</div>
		</div>
					</div>
		</section>
				<section class="elementor-section elementor-top-section elementor-element elementor-element-c41512b elementor-section-boxed elementor-section-height-default elementor-section-height-default" data-id="c41512b" data-element_type="section" data-e-type="section">
						<div class="elementor-container elementor-column-gap-default">
					<div class="elementor-column elementor-col-100 elementor-top-column elementor-element elementor-element-c0ee62c" data-id="c0ee62c" data-element_type="column" data-e-type="column">
			<div class="elementor-widget-wrap elementor-element-populated">
						<div class="elementor-element elementor-element-5ae942b elementor-widget elementor-widget-video" data-id="5ae942b" data-element_type="widget" data-e-type="widget" data-settings="{&quot;youtube_url&quot;:&quot;https:\/\/www.youtube.com\/watch?v=kvObF_VWZxY&quot;,&quot;video_type&quot;:&quot;youtube&quot;,&quot;controls&quot;:&quot;yes&quot;}" data-widget_type="video.default">
				<div class="elementor-widget-container">
							<div class="elementor-wrapper elementor-open-inline">
			<div class="elementor-video"></div>		</div>
						</div>
				</div>
					</div>
		</div>
					</div>
		</section>
				</div>

<p>Mot de l&rsquo;Intervenante L&rsquo;élément féminin italien revêt une grande importance dans l&rsquo;histoire de la Tunisie, en raison de sa lutte anticoloniale et antifasciste. Cet activisme a vu le jour dans les années Trente du XXe siècle, et s’est maintenu jusqu’à la fin des années Quarante. Rares sont les ouvrages de référence sur ce sujet: en [&hellip;]</p>
