{"id":72,"date":"2018-06-06T10:15:46","date_gmt":"2018-06-06T08:15:46","guid":{"rendered":"http:\/\/tunisiaforall.org\/?page_id=72"},"modified":"2018-06-06T10:15:46","modified_gmt":"2018-06-06T08:15:46","slug":"culture-tourisme-et-environnement","status":"publish","type":"page","link":"https:\/\/tunisiaforall.org\/?page_id=72","title":{"rendered":"Culture, tourisme et environnement"},"content":{"rendered":"<p>Le champ d\u2019action de cette commission est large et important. Mais le choix de mettre ensemble ces trois secteurs est tout \u00e0 fait conscient car nous croyons qu\u2019il est imp\u00e9ratif pour la Tunisie que le secteur du tourisme, vital pour notre \u00e9conomie, prenne en consid\u00e9ration les facteurs environnementaux et se conjugue avec l\u2019art et la culture qui ne font que mettre en exergue les sp\u00e9cificit\u00e9s d\u2019une soci\u00e9t\u00e9 tunisienne ancr\u00e9e dans son histoire, moderne et dynamique.<\/p>\n<p>C\u2019est en partant de l\u00e0 que la commission \u0153uvrera pour que se d\u00e9veloppe \u00ab un tourisme int\u00e9gral \u00bb partant de la Terre, l\u2019environnement qui conditionne l\u2019\u00eatre humain ainsi que toutes ses r\u00e9alisations. Il nous semble n\u00e9cessaire que l\u2019Homme soit au centre des pr\u00e9occupations des entrepreneurs du tourisme qui doivent faire en sorte que visiteurs et h\u00f4tes tirent profit de cette activit\u00e9 qui sera \u00ab \u00e9change \u00bb et non \u00ab pollution \u00bb ou \u00ab d\u00e9gradation \u00bb. Le tourisme que nous pr\u00f4nons doit \u00eatre porteur de valeurs telles que le partage, le respect, la solidarit\u00e9.<\/p>\n<p>Concernant l\u2019environnement, la commission s\u2019emploiera \u00e0 mettre l\u2019accent sur l\u2019\u00e9ducation environnementale des nouvelles g\u00e9n\u00e9rations ainsi que sur la sensibilisation du grand public sur \u00ab le vivre ensemble dans un milieu sain \u00bb en divulguant un code de comportement respectueux de la nature et de l\u2019autre.<\/p>\n<p>Participer activement \u00e0 la vie culturelle de la Tunisie et contribuer \u00e0 la promotion de toutes les formes d\u2019expressions culturelles et artistiques, figurent parmi\u00a0 les priorit\u00e9s que la commission se fixe en s\u2019appuyant sur une conviction\u00a0 in\u00e9branlable \u00e0 savoir que la culture est un vecteur incontournable du d\u00e9veloppement et que l\u2019image de marque de la Tunisie sera beaucoup plus resplendissante si elle est port\u00e9e et promue\u00a0 par les cr\u00e9ateurs et les artistes.<\/p>\n","protected":false},"excerpt":{"rendered":"<p>Le champ d\u2019action de cette commission est large et important. Mais le choix de mettre ensemble ces trois secteurs est tout \u00e0 fait conscient car nous croyons qu\u2019il est imp\u00e9ratif pour la Tunisie que le secteur du tourisme, vital pour notre \u00e9conomie, prenne en consid\u00e9ration les facteurs environnementaux et se conjugue avec l\u2019art et la [&hellip;]<\/p>\n","protected":false},"author":1,"featured_media":0,"parent":0,"menu_order":0,"comment_status":"closed","ping_status":"closed","template":"","meta":{"ngg_post_thumbnail":0,"footnotes":""},"class_list":["post-72","page","type-page","status-publish","czr-hentry"],"_links":{"self":[{"href":"https:\/\/tunisiaforall.org\/index.php?rest_route=\/wp\/v2\/pages\/72","targetHints":{"allow":["GET"]}}],"collection":[{"href":"https:\/\/tunisiaforall.org\/index.php?rest_route=\/wp\/v2\/pages"}],"about":[{"href":"https:\/\/tunisiaforall.org\/index.php?rest_route=\/wp\/v2\/types\/page"}],"author":[{"embeddable":true,"href":"https:\/\/tunisiaforall.org\/index.php?rest_route=\/wp\/v2\/users\/1"}],"replies":[{"embeddable":true,"href":"https:\/\/tunisiaforall.org\/index.php?rest_route=%2Fwp%2Fv2%2Fcomments&post=72"}],"version-history":[{"count":1,"href":"https:\/\/tunisiaforall.org\/index.php?rest_route=\/wp\/v2\/pages\/72\/revisions"}],"predecessor-version":[{"id":73,"href":"https:\/\/tunisiaforall.org\/index.php?rest_route=\/wp\/v2\/pages\/72\/revisions\/73"}],"wp:attachment":[{"href":"https:\/\/tunisiaforall.org\/index.php?rest_route=%2Fwp%2Fv2%2Fmedia&parent=72"}],"curies":[{"name":"wp","href":"https:\/\/api.w.org\/{rel}","templated":true}]}}